he prime factors of z(n).
3, 11
Let l = -89 - -289. Suppose -l - 176 = -q. Suppose 4*p - 172 = q. What are the prime factors of p?
137
Let v = -400 + 430. Suppose -27*a - 744 = -v*a. What are the prime factors of a?
2, 31
Let m(c) = -4*c**3 + 5*c**2 - 39*c - 606. List the prime factors of m(-10).
2, 3, 7, 17
Let g be (-4)/(4/(-224)*-2). Let z = g - -291. Suppose 5 = -q, u = 3*u + 3*q - z. What are the prime factors of u?
97
Let g = 28528 - 11512. What are the prime factors of g?
2, 3, 709
Let r(i) = 28*i**3 + 2*i**2 + i - 1. Let h be r(1). Let y = -34 - -104. Let v = h + y. List the prime factors of v.
2, 5
Let n be 224/80 + 2/10. Let g be ((1 - n) + 1)*-4. Let y(v) = -v**3 + 5*v**2 + v - 7. List the prime factors of y(g).
13
Let h(o) be the third derivative of 23/6*o**3 - 3/4*o**4 - 13*o**2 + 3/10*o**5 - 1/120*o**6 + 0*o + 0. What are the prime factors of h(17)?
2, 3
Let y = -377 + 380. Suppose -4*z + 1025 = 5*j, 7*j + y*z = 12*j - 990. List the prime factors of j.
3, 67
Let f(b) = b**3 + 15*b**2 + b + 15. Let z be f(-15). Suppose z = 5*j - j - 540. Let s = j - 42. What are the prime factors of s?
3, 31
List the prime factors of (943/46 - 21) + 21457/2 + 0.
2, 3, 149
Suppose 6*r = -2*r - 112. Let o(j) = -21*j + 32. What are the prime factors of o(r)?
2, 163
Suppose -6 = -3*y, -2*t - 2*y - 56 = -6*t. Suppose -19*z + t*z = -1408. List the prime factors of z.
2, 11
Let r = 185 - 275. Let d = 81 + 83. Let x = d + r. List the prime factors of x.
2, 37
Let x be -21*(-1)/5 + 8/(-40). Suppose -2*w - 2*t - x = 0, 5*w - 2*t + 3*t + 22 = 0. Let j = 118 + w. List the prime factors of j.
113
Let t = 524 - 518. Let z(a) = 5*a**3 + 3*a**2 - 21*a - 6. List the prime factors of z(t).
2, 3, 11
Let y = -11 + 142. Let k = y - 56. Let j = -40 + k. List the prime factors of j.
5, 7
Let d(r) = 163*r - 2258. List the prime factors of d(94).
2, 23, 71
Suppose 4*q = 10*q - 24. Suppose q*t - x - 393 = -2*x, x + 195 = 2*t. Suppose -2*a = 5*a - t. List the prime factors of a.
2, 7
Let j(k) = -k**2 + 38*k + 14. Let u(t) = t + 2. Let i(f) = j(f) + 3*u(f). List the prime factors of i(17).
2, 107
Suppose 0 = -16*z + 12*z + 3472. Let i = 33 - 31. Suppose 0 = -l - f + 170, 5*l - 3*f + i*f - z = 0. What are the prime factors of l?
173
Suppose 2*k + 126 = 4*r - 0*k, r - 4*k = 49. Let s(n) = -8*n**2 + 6*n**3 - r - 13 + 5*n**3 - 10*n**3 - 2*n. What are the prime factors of s(10)?
2, 3, 23
Suppose 8*p = -4*m + 9*p + 1979, -516 = -m - 4*p. List the prime factors of m.
2, 31
Suppose 5*t - 51263 = -2*y - 19111, -4*y = -t - 64282. List the prime factors of y.
3, 11, 487
Let p(l) be the second derivative of l**5/20 + 3*l**4/4 + l**3/2 + l**2/2 - 3*l. Let m(t) = -4*t - 135. Let h be m(-32). What are the prime factors of p(h)?
2, 3, 13
Suppose 37*t - 44*t = 14. Suppose 3*u + 26 = 5. List the prime factors of ((-205)/u - t) + 4/(-14).
31
Suppose 3*q + 10 + 3 = 5*a, 3*a = 5*q - 5. Suppose a*h + 319 = j, -2*h = -5*j - 615 + 2233. What are the prime factors of j?
2, 3
Suppose -16 = -h + 30. Let l = h - 44. Suppose -n + l + 4 = -3*f, 4*f - 18 = -3*n. List the prime factors of n.
2, 3
Suppose -268139*j - 606081 = -268158*j. List the prime factors of j.
3, 7, 31
Suppose 0 = -7*n + 8648 + 13164. Let j = 4688 - n. What are the prime factors of j?
2, 3, 131
Suppose -6*i = -2*i + 7*i - 133419. List the prime factors of i.
3, 13, 311
Let v(u) = 8*u + 61. Let x be v(9). Let t = x - -78. What are the prime factors of t?
211
Suppose 313*o = 365*o - 1985724. What are the prime factors of o?
3, 4243
Suppose -4*o - 4*n + 194046 = -89434, -2*o + 141698 = -5*n. What are the prime factors of o?
2, 43, 103
Let v(w) = 119*w + 21. Let n be v(3). Suppose -3*h - 3*s + n = 0, -h + 5*s + 114 = -0*s. What are the prime factors of h?
2, 31
Let z(n) = -25*n - 7. Let b(q) = 26*q + 7. Let g(p) = -2*b(p) - 3*z(p). What are the prime factors of g(9)?
2, 107
What are the prime factors of (-2)/6 - (0 + (-8)/(288/345828))?
2, 3, 1601
Suppose 2*o - 16*p = -21*p + 849, -p + 853 = 2*o. Let z = o - 250. What are the prime factors of z?
3, 59
Let m be 0*(-1 + (-2 - -4)). Suppose 0 = v - m - 5. Suppose -3*d = 2*r - 81, -4*r + v*d - 67 = -262. List the prime factors of r.
3, 5
Suppose -5*t + 12*t = 0. Suppose t = k - 5*p - 267, p = 3*k + 2*p - 801. What are the prime factors of k?
3, 89
Let a be (304 + 1)*8/5. Suppose 5*g + a = 3*z, -3*z = 5*g - 643 + 105. What are the prime factors of z?
3, 19
Let t(u) = u**3 - 10*u**2 + u + 59. Let b be t(11). Suppose 4*q + 33 = -a - 23, -2*q + 3*a = 28. Let z = b + q. List the prime factors of z.
3, 59
Let m = -9 + 12. Let q(b) = 6*b**2 + 19*b. Let d be q(-3). What are the prime factors of 214/d*m/(-12)*6?
107
Suppose 18*t = 25063 + 623. List the prime factors of t.
1427
Let x(h) = h + 2. Let a(s) = s + 14. Let g(l) = 3*a(l) - 24*x(l). Let q be g(6). Let d = q - -201. What are the prime factors of d?
3, 23
Suppose -q + 0*q + 3 = 0. Suppose 2*r = 5*t - 105, q*r - t + 99 = -52. Let b = r + 64. List the prime factors of b.
2, 7
Suppose 9*v - 272 = 8*v - 3*y, -v - 4*y + 270 = 0. Suppose o = -5*c + 336, -2*o = -3*c - 446 - v. List the prime factors of o.
2, 89
Let y(j) = -2340*j - 6777. List the prime factors of y(-8).
3, 1327
Suppose -5*s + 2*t - 173 = 0, t - 23 = s + 11. What are the prime factors of 552 + (-10)/s + 23/(-7)?
3, 61
Suppose 2*r = 4*f - 21148, 43*r - 39*r = -2*f + 10554. List the prime factors of f.
5, 7, 151
List the prime factors of (1383/2)/((-95)/(-11590)).
3, 61, 461
Let t = -442 + 870. Let c = t + 494. List the prime factors of c.
2, 461
Let g(x) = x**2 - 103*x - 115. What are the prime factors of g(-32)?
5, 29
Let k = -40 + 36. Let r be -1*k/(-6)*33. Let i = r - -100. What are the prime factors of i?
2, 3, 13
Let w be (-8075)/175 + (-1)/(-7) + 2. Let u(p) = -p**3 - 45*p**2 - 51*p + 103. What are the prime factors of u(w)?
3, 137
Let p = 30 - 28. Suppose -5*u - 978 = -p*u. Let a = u - -505. List the prime factors of a.
179
Let r(o) = 8*o**2 + 5*o - 2. Let k(c) = 3*c**2 + 2*c - 1. Let u be ((-22)/(-4))/(16/32). Let m(q) = u*k(q) - 4*r(q). What are the prime factors of m(8)?
7, 11
Suppose -4*j + d = -d - 16, -d = -5*j + 23. Suppose j*p + 20 = 0, -k + p - 3*p + 206 = 0. List the prime factors of k.
2, 107
Suppose -20*f + 24*f = -2*j + 8786, -4*j = -f + 2201. What are the prime factors of f?
13
Let x = -13377 - -23630. What are the prime factors of x?
10253
Suppose -4350297 = -190*j + 2085003. What are the prime factors of j?
2, 3, 5, 1129
Let v be (3/(-2))/((-22)/396). List the prime factors of (-2)/9 - (-22686)/v.
2, 3, 5, 7
What are the prime factors of 4704180/80 + 44/16 + -2?
3, 17, 1153
Let x = -20936 + 30146. What are the prime factors of x?
2, 3, 5, 307
Let n(q) be the second derivative of 85*q**4/3 - 5*q**3/2 + 2*q**2 + 189*q. What are the prime factors of n(-2)?
2, 17, 41
Suppose 4*z - 77 = -509. Let b be (-4)/(-18) - 1056/z. Let l(w) = 3*w + 21. List the prime factors of l(b).
3, 17
Let a = 85 - 94. Let x = -6 - a. Suppose 0 = d + 4*h - 132, -3*d + 56 = x*h - 367. What are the prime factors of d?
2, 3
Let b = -29782 - -52581. What are the prime factors of b?
7, 3257
Let i(a) = a**3 + 11*a**2 - 2*a - 22. Let s be i(-11). Let n = -5 + 6. Suppose s = b - 4*b + 2*g + 89, -n = g. List the prime factors of b.
29
Suppose -4*z = -6*z + 4*t - 20, -3*t + 15 = 0. Suppose -4 = -z*v + v, 0 = i - 2*v - 43. List the prime factors of 28/i + 292/10.
2, 3, 5
Let s = -4670 - -23134. What are the prime factors of s?
2, 577
Let b(u) = 5*u - 23. Let y be b(10). Let o = y - 23. Suppose -o*j + 62 + 114 = 0. What are the prime factors of j?
2, 11
Let q = -39874 + 84290. List the prime factors of q.
2, 347
Suppose -5*t - 22575 = -d, -6*t + 4*t - 112990 = -5*d. List the prime factors of d.
2, 5, 113
Let t be (((-142)/(-4))/(-1))/(8/80). Let x = t + 1154. What are the prime factors of x?
17, 47
Let n(g) be the first derivative of -137*g**2/2 + 61*g + 59. List the prime factors of n(-3).
2, 59
Let b = -41 + 52. Suppose b*a + 3*a + 7112 = 0. Let g = 765 + a. List the prime factors of g.
257
Suppose 5*v = -2*c + 18, -5*v - 4*c - 2 = -7*c. Suppose 0*x - 5*x = -y - 832, -338 = -v*x + 3*y. What are the prime factors of x?
2, 83
Suppose 4*g - 235354 = 7*u, 20 = 4*u + 12. What are the prime factors of g